f 85 and r?
5
Let w be (-4 + 3 + 3)*5/(-2). Let h be (((-16)/w)/(-2))/(1/(-20)). Calculate the highest common divisor of 8 and h.
8
Let s be 774048/432 + (-4)/(-18). Suppose 38*b - s = 34*b. Calculate the highest common factor of 14 and b.
14
Suppose -586302 = -41*g - 114105. What is the greatest common divisor of 132 and g?
33
Suppose 3*y = 5*x + 31, y + 3*x = -4*y + 63. Suppose -4*h = 4*t - 476, -4*h = 8 + y. Calculate the highest common factor of t and 93.
31
Let v(x) = -72*x + 50. Let r be v(9). Let h = r + 949. What is the highest common factor of 9 and h?
9
Suppose -5*n = 15 - 445. Suppose 5*g + 61 - n = 0. Suppose 479 = g*w - 346. What is the highest common factor of w and 33?
33
Let b be (28/21*2/8)/(26/1014). Let m be 78/3*(-61)/(-2). What is the greatest common divisor of b and m?
13
Let h be (28/16)/(2/8). Suppose 4*o - 68 = 4. Suppose o*x - 23*x = -35. What is the greatest common factor of x and h?
7
Suppose 5*q - 845 - 445 = -5*p, -3*q + 518 = 2*p. Suppose -6*g + 2*g = -p. Let w = -9380 + 9388. What is the greatest common divisor of w and g?
8
Let u be 139 + 1 + 2 + 1. Suppose 0 = -r - 2*n + 25, r - 4 = -0*n + n. What is the greatest common factor of r and u?
11
Suppose 0 = -18*v - 635 + 707. What is the highest common divisor of 256 and v?
4
Suppose -v - 44 = 4*d - 5*d, 102 = 3*d + 3*v. Let g = -536 - -67. Let w = g - -586. Calculate the greatest common divisor of w and d.
39
Let z(c) be the third derivative of -c**4/3 - 28*c**3 + 2*c**2 - 6. Let m be z(-46). Calculate the greatest common divisor of 8 and m.
8
Suppose 4*h - 4 = -0, -4*j + 2*h = -6. Suppose 5*f = 3*v + 2*f + 222, 8 = j*f. Let c be v/(-6) + 10/30. Calculate the greatest common factor of 18 and c.
6
Suppose 385778*o + 25916 = 385840*o. Suppose 0 = -g + 4*u + 50, 0 = -3*g + 2*u - 0*u + 120. Calculate the greatest common factor of g and o.
38
Suppose -96 = 14*m - 544. Let p(a) = a + 17. Let b be p(-9). Suppose b*z = -335 + 1871. Calculate the greatest common divisor of z and m.
32
Let q = -153 + 490. Let j = q + -242. What is the highest common divisor of 19 and j?
19
Let r = 1 - -11. Let s be 1*(-5 + 309/3)/2. Suppose 46*c + 108 = s*c. What is the highest common factor of r and c?
12
Let r be (-3 + 18)/(-5)*221*-1. What is the highest common divisor of r and 156?
39
Let a(o) = o**3 + 13*o**2 - 13*o + 7. Let b be a(-14). Let z(x) = 3*x + 33. Let u be z(b). Suppose 33 + 63 = u*r. What is the highest common factor of r and 32?
8
Suppose 5*r + 15 = 0, 5*r = -b + 24 - 61. Let y be b/(-3)*((-195)/(-10))/13. Calculate the highest common divisor of 88 and y.
11
Suppose 10*y + 2*u = 5*y + 508, -3*u = 5*y - 507. Calculate the greatest common divisor of y and 782.
34
Let j(h) = -h**2 + 149*h - 3186. Let w be j(123). Let o = -91 + 139. What is the greatest common factor of o and w?
12
Let h(s) = -s**3 + 30*s**2 + 40*s - 87. Let b be h(31). Calculate the greatest common divisor of 1472 and b.
64
Let n = 380 + -381. Let p be (280/120)/(n/(-81) - 0). Let y be (-38)/(-2) - (-1 + -1). Calculate the greatest common factor of p and y.
21
Suppose -13*l + 108 = -9*l. Let r = 22 + l. Let u be ((-2)/6)/((-35)/1470). What is the highest common divisor of r and u?
7
Let r(g) = 2*g + 26. Let m be r(-8). Suppose 5*w + 190 = 7*w. What is the highest common divisor of m and w?
5
Let p be -17*231/(-561) + (-837)/(-1). Calculate the highest common factor of 8 and p.
4
Let i(f) = 472*f - 447. Let k be i(1). Let x(t) = -t**2 - t + 5. Let d be x(0). What is the greatest common factor of d and k?
5
Let u be ((-152)/(-95))/((-836)/120 + 7). What is the highest common divisor of 10176 and u?
48
Suppose -7*j - 25 - 45 = 0. Let u be j/25 - (-56)/(-10). Let y = u - -31. What is the highest common factor of y and 5?
5
Let x = 6504 - 6497. Let w = 653 + -345. Suppose 0*g + w = 4*g. Calculate the greatest common factor of g and x.
7
Suppose 0 = -3*f + 2*o - 5*o + 12, 3*f - 32 = o. Suppose -4*a - 84 = -4*c, 2*a - 3 = -2*c + 15. Calculate the greatest common divisor of f and c.
3
Suppose -2*m + 4*j - 4 = -0*j, 3*j = 2*m - 1. Let g(y) = -y**2 + 2*y + 51. Let h be g(m). What is the greatest common divisor of 3 and h?
3
Suppose -4*k - u = -2*k - 84, k = u + 45. Let p(y) = -k - 18*y - 9 + 3*y**2 - 4*y**2 + 25. Let a be p(-12). What is the highest common factor of a and 9?
9
Let d(r) = -2*r**3 - 5*r**2 + 2*r + 2. Let u be d(-4). Let t be (-5)/(35/(-476)) + -8. What is the greatest common factor of u and t?
6
Let i(z) = 130*z - 650. Let b be i(26). Calculate the highest common divisor of 39 and b.
39
Suppose 2*l + l = l. Suppose -2*g + j = -j - 12, l = 2*j + 4. Suppose -2*d - 2*d = -s + 52, g*s = -4*d + 268. Calculate the highest common divisor of s and 8.
8
Suppose 108*i - 127381 = -77*i + 58*i. Calculate the greatest common divisor of 34 and i.
17
Suppose -370 + 90 = -4*r. Suppose 10*y - 984 = -14*y. Suppose -728 = -y*w + 15*w. Calculate the highest common divisor of r and w.
14
Suppose 13*q = 65*q - 33*q - 5757. Calculate the greatest common factor of 7373 and q.
101
Suppose 804*y + 29370 + 5478 = 822*y. What is the greatest common factor of 80 and y?
16
Let v = -634 - -799. Let w = v - -759. Calculate the highest common divisor of 77 and w.
77
Suppose 86 + 74 = 5*n. Let k = 61 + -53. Suppose 5*v + 240 = k*v. Calculate the highest common divisor of v and n.
16
Let f be (-1690)/(-4)*(39 + -37) + 2. What is the greatest common divisor of 7 and f?
7
Let r = -2375 + 2466. What is the highest common divisor of 117 and r?
13
Suppose 6 = -15*z + 16*z. Let p = z + 96. Calculate the greatest common divisor of p and 51.
51
Let j(c) = -c**2 + 16*c + 35. Let d be j(18). Let x be (1 - 168/(-3)) + d. Let f = x - 23. What is the greatest common factor of 11 and f?
11
Suppose -4*k = 2*d - 138, 13*k - 107 = 10*k + 2*d. Let j be (0 - 3) + 0 - (-28 - k). Calculate the highest common factor of j and 72.
12
Let f = 310 - 238. What is the greatest common factor of f and 104?
8
Let j = 862 + -1326. Let x be j*(-6)/(-45) + 2/(-15). Let u = 71 + x. What is the highest common factor of u and 72?
9
Let u be 0/(0 + (1 - 4))*-1. Suppose 11*y - 78 + 23 = u. Let h = -42 + 62. Calculate the greatest common divisor of y and h.
5
Suppose 2*m - 159 = -141. Suppose 35*s - 18*s - 68 = 0. Calculate the highest common factor of s and m.
1
Suppose -4*p + 79 = -81. Let n be (-453)/(-1) + 5 - 6. Suppose 6*a - p = n. Calculate the highest common divisor of a and 123.
41
Let i be 93 - ((2 - 1) + -2). Suppose 5*t + 5*a - i + 4 = 0, t - 5*a = 6. What is the highest common divisor of t and 52?
4
Let t = 6 + 12. Let i = 3841 - 3799. What is the highest common divisor of i and t?
6
Suppose -4*m + 35272 = 15*i - 19*i, -8820 = -m + 2*i. Calculate the greatest common divisor of m and 58.
58
Let s(b) = 47*b**2 - 2*b - 60. Let j be s(-12). Suppose 5*w + 39*w - j = 0. What is the greatest common divisor of w and 45?
9
Let t be 100 + (1 + 1)/(-2). Let z = -30044 + 30055. Calculate the greatest common factor of z and t.
11
Suppose 0 = -3*a, -v + 16*a + 288 = 14*a. What is the highest common factor of v and 261?
9
Let p be (-119)/(-14) + 1/2. Let g(f) = f - 38. Let k be g(p). Let x = 34 - k. What is the highest common factor of 7 and x?
7
Let v(u) = 365*u**2 - 250*u - 20. Let o be v(2). What is the highest common factor of o and 8084?
188
Let s(d) = -d**2 + 11*d + 44. Let r be s(14). Suppose 825 = r*u + 9*u. Calculate the highest common divisor of 15 and u.
15
Let r(j) = 60*j**2 - 143*j - 143. Let u be r(-1). Calculate the highest common divisor of 9780 and u.
60
Let g = 54131 - 32581. What is the greatest common factor of g and 100?
50
Let n(o) = -1064*o + 15876. Let c be n(14). What is the highest common factor of 56 and c?
28
Let n be (20/12 - (-2 - -3))/((-74)/(-315018)). What is the highest common factor of n and 1677?
129
Let q(r) = 2*r + 36. Let n be q(-16). Suppose -2*k - 2*k + 176 = -n*s, 29 = k - 4*s. Let v = 129 - k. Calculate the greatest common factor of 16 and v.
16
Suppose 4*o = -v - 0*o + 56, -3*v + 232 = -4*o. Suppose 5*k = k + v. What is the greatest common divisor of k and 36?
18
Let z(f) = -3*f**2 + 16*f + 10. Let q(x) = x**2 - 2*x - 1. Let h(i) = 2*q(i) + z(i). Let a be h(12). Calculate the highest common factor of 22 and a.
2
Let v(i) = i**3 + 